*p. Suppose p*g + 11 - 89 = 0. What is the units digit of g?
9
What is the tens digit of 14792/(-18)*81/(-18)?
9
Let y = -21 - -81. Suppose 2*l = 4*l + y. What is the units digit of (l - 2)/(10/(-15))?
8
Suppose 68 = -7*q + 6760. What is the tens digit of q?
5
Suppose 5*c = j + 255, j + 0*j = -5*c + 255. Suppose 4*u = -z - 84, -z + 2*u - 33 = c. Let n = z + 149. What is the units digit of n?
5
What is the units digit of -1544*(-2 + -7)/18?
2
Suppose 0*s = 2*s - 6. Suppose s*i - 256 - 164 = 0. Suppose -53 = 3*c - i. What is the tens digit of c?
2
Let z be 1/2*(-1 - -1). Suppose 2*h - 4*f - 388 = z, -4*h + 4*f + 534 = -254. What is the hundreds digit of h?
2
Let q be (-1)/(-3) + (-7)/((-21)/8). Let d = 55 + q. What is the tens digit of d?
5
Suppose -3*y = 2*y - 125. Suppose 0 = 2*u + 3*u + y. Let b = 18 + u. What is the tens digit of b?
1
Suppose -5*c + 5*a + 3045 = -310, -4*a = 5*c - 3364. What is the units digit of c?
2
Let j be (-268)/((-2 + -2)/(-4) - 3). What is the units digit of ((-3)/(-12)*2)/(1/j)?
7
Let o(u) = u**2 + 16*u + 86. What is the units digit of o(-45)?
1
Let u(m) = 22*m - 59. Let j(g) = -g**2 - 14*g - 34. Let v be j(-7). What is the tens digit of u(v)?
7
Let g = 43 - 40. Suppose 90 = 4*r - g*o, 0*o + 2 = o. What is the tens digit of r?
2
Let d(c) = c - 4. Let y be d(-10). Let v = y - -21. Let j(g) = g**3 - 7*g**2 + 4*g - 6. What is the tens digit of j(v)?
2
Let x be (1/1 - -2) + -18. Let m(l) = -6*l - 8. Let g be m(x). Suppose -4*w - g = -6*w. What is the units digit of w?
1
Let h(l) = 2*l**3 + 9*l**2 + l - 4. Let t be h(-4). What is the tens digit of (158/t)/(7/28)?
7
Let m(z) = -4*z + 12. Let a be m(-6). Let v = a - 35. What is the units digit of v?
1
Let u = -37 - -39. Suppose -u*c = 3*c - 4*f - 6, -13 = -4*c - 5*f. What is the units digit of (c/(-4))/((-9)/1008)?
6
Let n(a) be the second derivative of a**3/3 + 5*a**2 + 6*a. Let g be n(-5). Suppose g = -10*d + 5*d + 245. What is the tens digit of d?
4
Suppose 5940 = 15*m - 5895. What is the hundreds digit of m?
7
Suppose 5*b + 3*w - 2725 = 0, -626 = -3*b - 3*w + 1015. What is the tens digit of b?
4
Let r = -622 + 1058. What is the tens digit of r?
3
What is the tens digit of (-6 + (0 - -4))*(-204 + -8)?
2
Suppose 2 = 3*d + 5, 5*v + 3*d = 2. What is the units digit of v/((-5)/(-825) + (2 - 2))?
5
Let u = -450 - -794. What is the tens digit of u?
4
Suppose 42 = -7*u - 0*u. Let t = 26 + -14. Let r = t + u. What is the units digit of r?
6
Suppose -161*b - 39615 = -176*b. What is the hundreds digit of b?
6
Let n(f) = 54*f**2 - 10*f - 2. What is the hundreds digit of n(-6)?
0
Suppose 0*b - 3*b = -153. Suppose 2*l + 4*j - 170 = 0, -25*l - 5*j = -29*l + 288. Let x = l - b. What is the units digit of x?
6
Let a = 7 + -4. Let l(s) be the third derivative of s**4/2 - 5*s**3/6 - 2*s**2 + 100. What is the tens digit of l(a)?
3
Suppose -5*r + 3*r + 16 = 4*d, -d + 3*r + 11 = 0. Suppose -d*t + 651 + 104 = 0. What is the tens digit of t?
5
Suppose -2*b = b - 45. Suppose 5*c - 135 + b = 0. What is the tens digit of c?
2
Let r = 5288 - 2699. What is the tens digit of r?
8
Let x = 55 + -57. What is the hundreds digit of x/7 - (-1796)/14?
1
Suppose 0 = 67*w - 12*w - 67320. What is the hundreds digit of w?
2
Let f = 272 + 449. What is the hundreds digit of f?
7
Let f = 5775 - 4019. What is the thousands digit of f?
1
Suppose 3*g - 5*o = -34, 2*g + 5*o = -g - 14. Let h(k) = -30*k - 11. What is the hundreds digit of h(g)?
2
Suppose 2*k - 6439 = -3711. What is the hundreds digit of k?
3
Let h = -65 - -67. Let s(g) = 26*g. What is the tens digit of s(h)?
5
Let r(o) be the third derivative of -5*o**4/24 - 19*o**3/6 - 4*o**2. What is the tens digit of r(-7)?
1
Suppose 2*p + 82 = -z, -1 = -2*p - 5. Let d = z - -81. What is the units digit of d?
3
Suppose b = -j + 6, -3*j - 2 = -17. Suppose -q + 6 = b. What is the units digit of q?
5
Let v(i) = i + 5. Let q be v(-9). Let x(p) = -p**2 + p - 3. Let y be x(q). What is the units digit of -3 - -5 - 1 - y?
4
Let w = 363 - 357. What is the units digit of w?
6
Suppose f - 65 = -2*p + 6*p, 20 = 4*f. Let x = p + 8. Let z(a) = a**3 + 7*a**2 - 3*a + 5. What is the units digit of z(x)?
6
Let h(w) = -4*w + 20. Let a be h(6). What is the units digit of 1/(a/252*-3)?
1
Let n = 24 - 19. Suppose -4*z - 228 = -4*t, -n*z + 268 = 4*t - z. What is the tens digit of t?
6
Suppose 2*p + 3 = c + 18, -5*p = 3*c - 10. What is the units digit of (-4 + p)*(-4)/(8/(-254))?
7
Suppose -2*p - 604 = -2*t - 0*p, -3*p = 2*t - 629. Suppose 6*f = t + 221. What is the tens digit of f?
8
Suppose w + 0*w = -17. Let z = -17 - w. Suppose 2*m + 0*m - 2*l = 34, z = 3*m - 4*l - 53. What is the units digit of m?
5
Suppose -3*v = 3*u - 312, -3*v + 6*u - u + 344 = 0. What is the units digit of v?
8
Let b(p) = -p**3 + 6*p**2 + 24*p + 17. What is the units digit of b(-3)?
6
Let g = -25 - -529. What is the units digit of g?
4
Let g = -44 - -250. What is the units digit of g?
6
Let b(t) = t**2 - 7*t - 10. What is the tens digit of b(12)?
5
Let y be (10/(-3))/2*-3. Suppose 4*a = -5*o + 30, y = 3*o + 4*a - 13. What is the units digit of o?
6
Let s be 21/4 - (-4)/(-16). Let b = s + -1. Let z(t) = t**2 - 4*t + 4. What is the units digit of z(b)?
4
Let t = 9253 - 3023. What is the units digit of t?
0
Suppose 5*n + 3*b = 8*n - 75, -5*b = -n + 41. What is the units digit of n?
1
Suppose 0*n + 10 = -n + 3*j, 0 = -4*j + 8. Let i(u) = 6*u. Let d(r) = 25*r - 2. Let g(s) = 2*d(s) - 9*i(s). What is the tens digit of g(n)?
1
Let v = -89 + 172. Let x = -51 + v. What is the units digit of x?
2
Let p(l) = -l**2 + 3*l - 1. Let a be p(2). What is the units digit of ((-17)/a)/(7/(-35))?
5
Suppose 1109 + 3507 = 2*g. What is the hundreds digit of g?
3
Suppose 4 = -v - 2*h + 5*h, 0 = -5*v + 4*h - 20. Let k be (v - -6)*31 - -4. Suppose -k = -3*l + 36. What is the units digit of l?
4
Let a(r) = -3*r**3. Let v be a(2). Let x = 58 + v. What is the units digit of x?
4
Let r(w) = -13 + 0 + 3 + 2*w. What is the tens digit of r(12)?
1
Let j be 22/(-18) - 4/(-18). Let r = -522 + 508. What is the units digit of -3 - r/((-1)/j)?
1
What is the units digit of 242/(-847) - (6948/(-14) - 2)?
8
Let t(y) = 11*y - 33. What is the units digit of t(18)?
5
Let i be (-106)/(-6) - 36/54. Let l(k) = k**3 - 17*k**2 + 3*k + 13. What is the units digit of l(i)?
4
Suppose 3*l + 6 = 42. Let p be 2/3 + l/(-18). Suppose -2*k = -4*v + 92, p = -2*v - 2*k - 5 + 45. What is the tens digit of v?
2
Suppose 25 = -2*j + 7*j. Suppose 0 = -k + x - 18 - 14, -3*x + 154 = -j*k. Let o = k - -61. What is the units digit of o?
2
Let g = -2 - 13. Let w(r) = r**2 + 16*r + 18. What is the units digit of w(g)?
3
Let n be (2/(-4))/(3/(-18)). Suppose n*b + 7*b = 790. What is the units digit of b?
9
Suppose -13*l + 494 = 6*l. Suppose 0*d - d + l = 0. What is the tens digit of d?
2
Suppose 0 = -4*w - j - j + 2116, 2660 = 5*w - 5*j. Suppose -3*t + 40 = -w. What is the hundreds digit of t?
1
Let u = -19 - -18. What is the tens digit of 2/(-2) - u - -39?
3
Let d = -187 - -321. Let n = d - 65. What is the tens digit of n?
6
Let d be 28/(-8)*(-1 - 1). Let g(c) = 2*c**2 - 7*c + 19. What is the tens digit of g(d)?
6
What is the hundreds digit of 0 - (-4)/30 - 155168/(-390)?
3
Suppose 3*c + 4*b = b + 27, c = 3*b - 7. Let v be 5/2*34/c. What is the tens digit of v - 12/(-2*2)?
2
Let y = -9 + 17. Let p = -10 + y. What is the tens digit of 24 + 0 - (p - -3)?
2
Suppose 3*g = -2*i - 302, 111 = -i - g - 39. What is the units digit of (i/6)/(6/(-27))?
1
Let l(h) = -2*h**3 - 3*h**2 + 2*h - 4. Let v be (-20)/6*81/(-15). Suppose -v*n = -17*n + 3. What is the tens digit of l(n)?
1
Suppose -83*l + 408300 = 17*l. What is the units digit of l?
3
Let s(w) = 2*w**2 - 3*w - 1. Let u be s(-1). Suppose 5*y - 15 = 0, 6*y - y - 21 = -2*d. Suppose -d*p + 4*r + 15 = 0, r = u*r. What is the units digit of p?
5
Let l(d) = -d**3 + 3*d**2 + 6*d - 3. Let g be l(5). Let t = g - -69. What is the tens digit of t?
4
Suppose -1 = -i - 2*n, -5*i + 2 + 3 = -3*n. Let j(q) = 35*q**2 - 1. What is the tens digit of j(i)?
3
Let l = 2894 + -1677. What is the hundreds digit of l?
2
Let t = 11 - 8. Suppose 0 = t*k + 8 - 107. What is the units digit of k?
3
Let r be (-34)/(-8) - 9/36. Suppose -9*m + r*m = 5. What is the tens di